{"id":15370,"date":"2025-10-02T07:42:21","date_gmt":"2025-10-02T10:42:21","guid":{"rendered":"https:\/\/wcsv2025.cl\/?page_id=15370"},"modified":"2025-10-02T07:43:26","modified_gmt":"2025-10-02T10:43:26","slug":"becas-de-inscripcion","status":"publish","type":"page","link":"https:\/\/wcsv2025.cl\/en\/becas-de-inscripcion\/","title":{"rendered":"Becas de inscripci\u00f3n"},"content":{"rendered":"<p>En el marco del Congreso WCSV2025, ponemos a disposici\u00f3n la postulaci\u00f3n a becas como una forma de reconocimiento, retribuci\u00f3n y agradecimiento por las permanentes colaboraciones que mantenemos con el Sistema SAC y con los establecimientos p\u00fablicos. Queremos que su participaci\u00f3n en este espacio de encuentro y aprendizaje sea posible y accesible, reafirmando as\u00ed nuestro compromiso con quienes contribuyen activamente al fortalecimiento de nuestra comunidad educativa, acad\u00e9mica y profesional.<\/p>\n\n\n\n\n    <script src =\"https:\/\/cdn.jotfor.ms\/s\/static\/latest\/static\/feedback2.js\" type=\"text\/javascript\"><\/script>\n    <script type=\"text\/javascript\">\n        var JFL_252545718931665 = new JotformFeedback({\n          formId: '252545718931665',\n          base: 'https:\/\/form.jotform.com\/',\n          windowTitle: 'Plataforma de Becas WCSV2025',\n          backgroundColor: '#9013fe',\n          fontColor: '#FFFFFF',\n          type: 'false',\n          height: 500,\n          width: 700,\n          openOnLoad: false\n        });\n    <\/script>\n    <script src='https:\/\/cdn.jotfor.ms\/s\/umd\/latest\/for-form-embed-handler.js'><\/script>\n    <script>window.jotformEmbedHandler(\"iframe[id='252545718931665']\", \"https:\/\/form.jotform.com\/\")<\/script>\n      <a class=\"btn lightbox-252545718931665\"\n      style=\"      margin-top: 16px;      text-transform: uppercase;      font-size: 14px;      text-decoration: none;      cursor: pointer;      display: inline-block;      padding: 10px;      font-family: inherit;      text-shadow: none;      user-select: none;      transition: all,.1s,ease-in;      background-color: #9013fe;      border: 1px solid #9013fe;      color: #FFFFFF;      \">\n        Plataforma de Becas WCSV2025\n      <\/a>","protected":false},"excerpt":{"rendered":"<p>En el marco del Congreso WCSV2025, ponemos a disposici\u00f3n la&hellip;<\/p>\n<p> <a class=\"more-link\" href=\"https:\/\/wcsv2025.cl\/en\/becas-de-inscripcion\/\">Read more<\/a><\/p>","protected":false},"author":1,"featured_media":0,"parent":0,"menu_order":0,"comment_status":"closed","ping_status":"closed","template":"","meta":{"_monsterinsights_skip_tracking":false,"_monsterinsights_sitenote_active":false,"_monsterinsights_sitenote_note":"","_monsterinsights_sitenote_category":0,"footnotes":""},"class_list":["post-15370","page","type-page","status-publish"],"_hostinger_reach_plugin_has_subscription_block":false,"_hostinger_reach_plugin_is_elementor":false,"_links":{"self":[{"href":"https:\/\/wcsv2025.cl\/en\/wp-json\/wp\/v2\/pages\/15370","targetHints":{"allow":["GET"]}}],"collection":[{"href":"https:\/\/wcsv2025.cl\/en\/wp-json\/wp\/v2\/pages"}],"about":[{"href":"https:\/\/wcsv2025.cl\/en\/wp-json\/wp\/v2\/types\/page"}],"author":[{"embeddable":true,"href":"https:\/\/wcsv2025.cl\/en\/wp-json\/wp\/v2\/users\/1"}],"replies":[{"embeddable":true,"href":"https:\/\/wcsv2025.cl\/en\/wp-json\/wp\/v2\/comments?post=15370"}],"version-history":[{"count":2,"href":"https:\/\/wcsv2025.cl\/en\/wp-json\/wp\/v2\/pages\/15370\/revisions"}],"predecessor-version":[{"id":15372,"href":"https:\/\/wcsv2025.cl\/en\/wp-json\/wp\/v2\/pages\/15370\/revisions\/15372"}],"wp:attachment":[{"href":"https:\/\/wcsv2025.cl\/en\/wp-json\/wp\/v2\/media?parent=15370"}],"curies":[{"name":"wp","href":"https:\/\/api.w.org\/{rel}","templated":true}]}}

Becas de inscripción

<p>En el marco del Congreso WCSV2025, ponemos a disposición la postulación a becas como una forma de reconocimiento, retribución y agradecimiento por las permanentes colaboraciones que mantenemos con el Sistema SAC y con los establecimientos públicos. Queremos que su participación en este espacio de encuentro y aprendizaje sea posible y accesible, reafirmando así nuestro compromiso con quienes contribuyen activamente al fortalecimiento de nuestra comunidad educativa, académica y profesional.</p>




    <script src ="https://cdn.jotfor.ms/s/static/latest/static/feedback2.js" type="text/javascript"></script>
    <script type="text/javascript">
        var JFL_252545718931665 = new JotformFeedback({
          formId: '252545718931665',
          base: 'https://form.jotform.com/',
          windowTitle: 'Plataforma de Becas WCSV2025',
          backgroundColor: '#9013fe',
          fontColor: '#FFFFFF',
          type: 'false',
          height: 500,
          width: 700,
          openOnLoad: false
        });
    </script>
    <script src='https://cdn.jotfor.ms/s/umd/latest/for-form-embed-handler.js'></script>
    <script>window.jotformEmbedHandler("iframe[id='252545718931665']", "https://form.jotform.com/")</script>
      <a class="btn lightbox-252545718931665"
      style="      margin-top: 16px;      text-transform: uppercase;      font-size: 14px;      text-decoration: none;      cursor: pointer;      display: inline-block;      padding: 10px;      font-family: inherit;      text-shadow: none;      user-select: none;      transition: all,.1s,ease-in;      background-color: #9013fe;      border: 1px solid #9013fe;      color: #FFFFFF;      ">
        Plataforma de Becas WCSV2025
      </a>

<p>En el marco del Congreso WCSV2025, ponemos a disposición la&hellip;</p>
<p> <a class="more-link" href="https://wcsv2025.cl/en/becas-de-inscripcion/">Read more</a></p>
